ime number?
True
Suppose 0 = 5*z - 3*p - 2152266, 25*z - 3*p + 1291326 = 28*z. Is z a composite number?
True
Is (-4)/(3 + 5/(-1)) - (-2241637)/17 a prime number?
False
Suppose -10*s + d = -13*s + 2449941, -4*d = -5*s + 4083269. Is s prime?
True
Suppose 0 = 12*a - 55*a. Suppose 23*x - 62501 - 29246 = a. Is x a composite number?
False
Let m be -11*(-6 + 20)/(-7). Let p(b) = 4*b + 115. Is p(m) prime?
False
Suppose -2*o + 5298 = -2*b, -4*b + 7979 = 3*o + b. Let w = o + -1434. Is w prime?
False
Let l(g) be the first derivative of 97*g**3/3 - 21*g**2/2 + 39*g - 95. Is l(11) composite?
True
Is -11*25/550*(1 + -113175) a composite number?
True
Suppose 41*q = 28*q + 344227. Is q a composite number?
False
Is 32/(-112) - (-851619)/168 - (-1)/8 a composite number?
True
Suppose n - 19*w + 15*w - 1023 = 0, -5*n + 5*w + 5100 = 0. Let k = 2560 + n. Is k a composite number?
True
Let u = 3315 + -6718. Let m = u - -9326. Is m composite?
False
Suppose -a + w + 81517 = 0, 0 = -40*a + 36*a - 5*w + 326014. Is a prime?
False
Let d(v) = v**2 + 7*v - 14. Let t be d(-9). Suppose 3*f = -h - 87, -4*h = f + t*f + 348. Is 2035/3 + (-58)/h a composite number?
True
Suppose -10*n + 2469 = -2661. Is ((-5314)/18)/((-57)/n) composite?
False
Let b = 19 - 16. Suppose 8*c + 17130 = 5*r + b*c, 5*r - 3*c = 17138. Suppose 0 = -5*a - 5*n + r, a - 4*a = n - 2052. Is a a composite number?
False
Let m(t) = t - 4. Let v be m(7). Suppose 0 = -v*d - 8*d. Suppose -i + 1 = 0, d*i + 4*i = -3*z + 955. Is z composite?
False
Let i = 11303 - 1738. Let o = 15544 - i. Is o composite?
True
Let s be -4 + 2 - -10 - 2. Let w be s + (-3 - 0)/3. Is 448 + (20/6 - w/15) prime?
False
Let v = 10627 - 6066. Suppose 5*p - v = -4*c + 2*p, c = -p + 1139. Let d = c - 591. Is d a prime number?
False
Let v(g) = g**3 + 32*g**2 + 36*g + 7. Let m be v(-18). Is m - 19/(19/6) composite?
False
Let j be ((-27474)/45 - 4/(-20))*-12. Let m = 14633 - j. Is m a composite number?
False
Let y(q) = 10297*q + 680. Is y(11) a composite number?
False
Suppose -19*z - 92465 + 253984 = 0. Is z a prime number?
True
Let c(h) = h**3 + 6*h**2 + 9*h + 2. Let s be c(-4). Is (-5449)/s + (-5)/((-20)/(-6)) prime?
False
Let c(m) = -5*m**2 - 260 + 11*m**2 + 96 + 18*m**2 - 29*m. Is c(-29) composite?
True
Let y = -31 + 35. Suppose l - y = -0*l. Is (-4)/((-40)/9834) + l/(-10) prime?
True
Suppose -n = i - 67907, -5*i = -7*n - 416942 + 77383. Is i a composite number?
True
Suppose -3*g = 5*s - 126, g = 7*s - 2*s - 118. Suppose 150465 = s*c - 9*c. Is c a composite number?
True
Let z = 3584 - 3939. Suppose -2*o = -4*o - 384. Let a = o - z. Is a composite?
False
Suppose 0 = 508*w - 497*w - 776941. Is w prime?
False
Let x = 6909270 - 3412429. Is x a prime number?
True
Suppose 1509149 = 6*y + 196451. Is y composite?
False
Suppose -2*b - 125 = 5*o, 0 = -12*b + 13*b. Let a(c) = c**2 + c. Let n(i) = 3*i**2 - 11*i - 9. Let x(p) = 4*a(p) - n(p). Is x(o) prime?
False
Let h be 23215/90*-2 + 2/(-18). Let y = 1658 + h. Is y a composite number?
True
Suppose 5*s + c + 1033 = 0, 4*c - 75 = -s - 274. Let w be s*(30/9 + -4). Suppose w = -6*f + 8*f. Is f a prime number?
False
Let g be 5/((-30)/18) + 1. Is 2/(-16) - (209352/(-64) - g) composite?
True
Let z(b) = 2 + 7*b**2 + 12 - 5*b - 33. Suppose -21 = -6*m + 39. Is z(m) a composite number?
False
Let u(b) = 2548*b**2 + 117*b - 258. Is u(-23) prime?
True
Let h = 29486 - 16327. Is h prime?
True
Let p(v) = -6*v - 10 - 16*v - 32*v. Let w = -3111 - -3103. Is p(w) a prime number?
False
Suppose 0 = 4*q - 0*q + i - 19494, q = -5*i + 4864. Is (q/(-10))/(7/(-35) - 0) a composite number?
False
Suppose -47737 = -3*x - 2407. Suppose -8*o - x = -18*o. Is o prime?
True
Suppose 0 = -459*v + 152512300 + 85360845 - 34379626. Is v prime?
True
Let i be (-8417949)/(-39) - 9/(351/(-6)). Let x = -97718 + i. Is x composite?
False
Suppose 303*u - 305*u - 4 = 0. Is (-13)/117 + ((-30656)/9)/u a prime number?
False
Let l(s) = 3*s**2 + 92*s - 100. Let i(w) = -w**3 + 18*w**2 - 2*w - 5. Let t be i(18). Is l(t) prime?
True
Let p(g) = 28*g**2 + 70*g - 49. Is p(-10) a prime number?
False
Let k(p) = -p**3 + 36*p**2 + 60*p - 477. Is k(32) a composite number?
True
Let s(a) = 23834*a**3 - 2*a**2 - 267*a + 1055. Is s(4) prime?
True
Let o(y) = 3*y**3 - 19*y**2 - 43*y + 27. Let m be o(18). Let d = m + -2902. Is d composite?
False
Let v(r) = r - 5. Let y be v(8). Suppose 0 = -5*o + 4*o - z + 5, z - 5 = y*o. Suppose -5*i + 884 = -4*i + 5*c, -5*i - 4*c + 4441 = o. Is i a composite number?
True
Suppose -993213 = -35*f - 323978. Is f prime?
True
Suppose -2*g - 437 = k + 1647, 5*k - 3*g + 10407 = 0. Suppose 2 = l, -5*d - 4572 = 4*l + 1445. Let z = d - k. Is z prime?
True
Suppose 139*l = -81*l + 36475340. Is l a composite number?
True
Suppose -8*j - 363699 = -11*j - 4*b, 363684 = 3*j - b. Is j composite?
False
Suppose 4*h + 58398 = 4*o + 150722, 5*h - o = 115405. Is h prime?
True
Let t(c) = -47*c**2 + 10*c - 7. Let l be t(-3). Let h be (-345)/10*l/15. Suppose 0 = -13*k + 10551 + h. Is k composite?
True
Let j(t) = -t**3 - t**2 + 3*t + 4. Let w be j(-2). Let p(q) = 48*q - 3*q + w + 12. Is p(5) a prime number?
True
Let z(b) be the third derivative of 23*b**4/8 - 53*b**3/6 + 11*b**2 - 4. Is z(30) a composite number?
False
Is ((-10)/(8 - -2))/((-8)/7125064) a prime number?
False
Suppose 11*w + 655955 - 2574058 = 0. Is w a prime number?
False
Let d(i) = -i**3 - 8*i**2 - 7*i + 8. Let b be d(-7). Suppose 78070 = -b*r + 18*r. Is r a composite number?
True
Suppose -u + 99 = -41. Let j = u + -29. Suppose 925 = 4*a - j. Is a a prime number?
False
Let j be (20 - 7)/((-3)/(-3)). Let o = -2 - j. Let m = 94 - o. Is m a composite number?
False
Suppose -5*m + 4*p + 227485 = -1559912, 1429911 = 4*m - p. Is m prime?
False
Suppose 266604 = -8845*d + 8857*d. Is d a composite number?
True
Suppose -610*f - 968283 = -624*f - 240689. Is f a prime number?
True
Let i(c) = 474*c**2 - c + 2. Suppose 385*s - 384*s = -3. Is i(s) prime?
True
Is (6/10 - 0) + 129/(27090/19065144) prime?
True
Let f(z) = 20*z + 6. Let h(l) = -19*l - 6. Let g(y) = -6*f(y) - 7*h(y). Let o be g(-9). Let k = o - -274. Is k a composite number?
False
Suppose 0 = 2*b + 5*l - 197359, 4*b + b - 5*l = 493415. Suppose -11*f + 17*f = b. Is f composite?
False
Suppose 7 + 11 = 6*b. Suppose 0 = -b*y + 2*t - 8, -3*y - 2*t + t - 23 = 0. Is ((-186)/(-9))/((-4)/y) a prime number?
True
Let s(v) = v**3 + 7*v**2 + 9*v + 1. Let l be s(-5). Is 13766*(12 - l)/12 a composite number?
False
Let n(u) = -u**2 - 7*u - 9. Let q be n(-5). Let m(f) = 299*f**3 - f**2 + f - 1. Let r be m(q). Suppose 887 = 3*x + 2*h, -x + 2*x + 3*h = r. Is x a prime number?
False
Suppose -4*w = 162 + 86. Let l = -226 - -331. Let c = w + l. Is c a prime number?
True
Is (30 - (-1330)/(-42))*(-192693)/5 composite?
False
Let t(j) = -20*j**3 - 5*j**2 + 63*j - 1. Let z(n) = 23*n**3 + 4*n**2 - 63*n + 2. Let w(m) = 7*t(m) + 6*z(m). Is w(-22) a prime number?
True
Let j(z) = -z - 8. Let l(t) = 1. Let h(f) = 4*j(f) + 28*l(f). Let p be h(-3). Suppose 0 = 9*y - p*y - 1709. Is y prime?
True
Let d be ((-16)/24)/((-1)/3). Suppose 0 = d*k + 2*k - 4. Is 2 + (0/k)/1 - -60 prime?
False
Suppose 4*a - 14508 = 4*i, 3*i - 7254 = -2*a - 0*i. Let h = 9901 - a. Is h a composite number?
True
Let a(h) = 1261 + 44*h - 19*h - 20*h. Is a(0) composite?
True
Suppose 3*j = -z - 128, 4 = 5*z - z. Let f = j - -53. Let u(n) = 6*n - 17. Is u(f) prime?
True
Let b(c) = 147*c**3 - c**2 + 31*c - 20. Is b(5) a composite number?
True
Let w = -3195 - -588. Let o = -936 - w. Is o prime?
False
Is 48429 + 4 + 5 - (-4)/(-12)*3 a prime number?
True
Suppose -17*t = -194*t + 93158463. Is t a composite number?
True
Suppose -5*g = -2*z - 222423, 732*g = 731*g + 5*z + 44503. Is g a composite number?
False
Suppose 8*g + 112736 = 4*g. Let i be -2*2/18 + g/18. Is (-18)/99 - i/22 prime?
True
Let u = 41526 + -4103. Is u composite?
False
Suppose 5*x + 4*t - 323 = 0, -3*x - 325 = -8*x - 5*t. Is 158904/x - 1 - (-4)/(-14) composite?
False
Suppose -46*s - 97264 = -50*s. Suppose 288*q - 284*q - s = 0. Is q prime?
True
Suppose 2*w - w = 4*d - 135, -3*d + 4*w + 85 = 0. Suppose -150 = -5*a + d. Let i = 71 - a. Is i a prime number?
False
Let n(r) = 2*r**3 - 42*r**2 + 33*r - 8. Let w be n(33). Suppose -w = -15*z + 26678. Is z prime?
True
Let i